o - 4. Let z be v(-4). Suppose -z*f = 10 - 30. Suppose 0 = f*w + 20 - 170. What are the prime factors of w?
2, 3, 5
Suppose -4*p + 2*p - 5*x = 18, 19 = -p - 5*x. Suppose -7*i - 107 = -2. Let z = p - i. List the prime factors of z.
2
Let l(w) be the second derivative of -19*w**3/6 - 33*w**2/2 + 18*w. What are the prime factors of l(-10)?
157
List the prime factors of 4/18 + (-20)/(-270)*2994.
2, 3, 37
Suppose 3*y + 5343 + 2622 = 3*g, g - 2647 = 5*y. List the prime factors of g.
2657
Let l = -34 + 36. Suppose 5*x + 6*s - 204 = l*s, 0 = -x - 3*s + 32. List the prime factors of x.
2, 11
Suppose b = 5*b - 5*s + 13, -4*s + 32 = 4*b. Suppose 5*h + b*w = 218 + 389, -5*h + 587 = -2*w. List the prime factors of h.
7, 17
Suppose -3*p = t - 9 - 1, 12 = 2*p - 2*t. Let v = -4 - -8. Suppose 2*j - v*y - 44 = 0, -4*j + y + 88 = p*y. What are the prime factors of j?
2, 11
Let w(v) = 216*v**2 + 6*v + 3. List the prime factors of w(-3).
3, 643
Let z be 4202/(-12) - 3/(-18). Let m = -191 - z. Suppose -2*r = r - m. What are the prime factors of r?
53
Let g(w) be the first derivative of 9*w - 2*w**2 - 4 - 1/3*w**3. What are the prime factors of g(-4)?
3
Let j be (-90)/(-21) + -4 - (-1182)/(-21). Let g = j - -209. List the prime factors of g.
3, 17
Let q(u) = 6*u + 4*u + 12*u**2 + u**3 + 26 - 26. Let b(h) = -3*h**2 - h - 1. Let r be b(-2). What are the prime factors of q(r)?
11
List the prime factors of 0/(-5 - -1 - -2) - -590.
2, 5, 59
Suppose b = 2*m + 2*m + 63, 3*b + 4*m = 221. Let v be 0 - 9/((-45)/10). Suppose 2*i + 9 = -i, v*i + b = 5*n. What are the prime factors of n?
13
Let q(t) = 11*t**2 + 4*t - 78. What are the prime factors of q(5)?
7, 31
Let k be -4 - ((-566)/1)/2. Suppose -3*z = 2*j - k, -2*j + 470 = 5*z + 1. What are the prime factors of z?
5, 19
Let l(c) = -76*c + 493. List the prime factors of l(-42).
5, 11, 67
Suppose -5*h - 4*u = -43, 2*u + 11 = 3*h - 3*u. Suppose 4*i + 9 = -h. What are the prime factors of 2/8 - 123/i?
31
Suppose 2*g + 132 = -2*i, 4*g + 270 = 3*i - 5*i. Let f = -50 - g. What are the prime factors of f?
19
Let g be 4/(-10) - 333/(-45). List the prime factors of (-3)/7*g/(-2)*14.
3, 7
Let m(v) be the first derivative of v**3/3 - 2*v**2 - 7*v + 7. Let s be m(7). Let z = s - -37. What are the prime factors of z?
3, 17
Suppose -6*c + 2*b + 15 = -c, -2*b = -2*c. Suppose -4*s + 236 = s - f, -c*f = -20. What are the prime factors of s?
2, 3
Let t = -68 - -61. Let k(h) = -h + 12. List the prime factors of k(t).
19
Let c be 46*5/20*2. Suppose 0 = -3*j + c + 16. List the prime factors of j.
13
Let v(t) = -174*t - 205. What are the prime factors of v(-5)?
5, 7, 19
Let m = 551 + -431. List the prime factors of m.
2, 3, 5
Suppose -3*c - 4*i = -5*i + 255, -5*i + 329 = -4*c. Let w = -55 - c. What are the prime factors of w?
31
Let g = -1 - -3. Let x be g/4 + (-135)/(-6). Let r = x - -4. What are the prime factors of r?
3
Let q = 30 - 39. Let r = -13 - q. Let l = r - -34. What are the prime factors of l?
2, 3, 5
Let m = 5 + -10. Let u be (-1 - (4 - 6)) + m. What are the prime factors of (-591)/(-12) - 3/u?
2, 5
List the prime factors of (-4)/50 + 3211104/1300.
2, 5, 13, 19
Let l(f) be the first derivative of f**6/180 - f**5/60 - f**4/6 - 8*f**3/3 + 2. Let j(k) be the third derivative of l(k). List the prime factors of j(4).
2, 5
Suppose 6 = 6*i - 24. Suppose -88 = -3*h + 20. Suppose -i*g + g + h = 0. What are the prime factors of g?
3
Suppose 5*s + 3*d + 3 = -8, -2*d - 4 = 0. List the prime factors of (-3 + s - -7) + 55.
2, 29
Suppose 3*b - 213 = 15. Suppose z - b + 18 = 0. List the prime factors of z.
2, 29
Let c(s) = s**2 + 5*s + 6. Let d be c(-4). Suppose 0*p + 4*p = -d*x + 756, -2*p = -2*x - 384. What are the prime factors of p?
2, 5, 19
Let q be (1 - (-20 - 1)) + 0. Let g be 30/((-55)/(-11))*(-10)/4. Let j = g + q. List the prime factors of j.
7
Suppose -20*q + 53675 = 5*q. What are the prime factors of q?
19, 113
Suppose 1567 + 1061 = 6*q. What are the prime factors of q?
2, 3, 73
Let l be (-5)/(50/(-6)) + 1210/25. Suppose -5*i + l = -751. What are the prime factors of i?
2, 5
What are the prime factors of (-4)/5 - (-116272)/65?
2, 3, 149
Let p(v) = -v**3 + 8*v**2 - 12*v + 4. Let l be p(9). Let z = l - -119. Let r = 7 - z. What are the prime factors of r?
73
Suppose 2*p - 4*i - 366 = 0, -3*p + 3*i + 369 = -p. Suppose 4*d + 5*s = p + 370, 283 = 2*d - s. What are the prime factors of d?
3, 47
Let j = 170 + -89. Let s = j + -12. List the prime factors of s.
3, 23
Let i = 18 + -15. Let s(a) = -2*a + 1. Let m be s(-2). Let f = m - i. List the prime factors of f.
2
Let k(l) = -4*l + 2. Let f be k(-1). Let o(d) be the third derivative of d**5/20 - 11*d**4/24 + 7*d**3/3 - d**2. List the prime factors of o(f).
2, 7
Let z(s) = -6*s**2 - 8. Let a be z(4). Let d = 304 + a. What are the prime factors of d?
2, 5
Suppose 2*u + 4*q = 28, 2*u + 3*u - 114 = q. List the prime factors of u.
2, 11
Let m = 490 + -222. Let p = m + -168. What are the prime factors of p?
2, 5
Suppose -2516 + 14561 = 15*f. What are the prime factors of f?
11, 73
Let v(p) = 10*p - 2. Let c be v(3). Let w = c - 18. List the prime factors of w*(-4)/(20/(-9)).
2, 3
Let n be (-47)/(-7) - 44/(-154). Let d = 19 + n. List the prime factors of d.
2, 13
Suppose 10*s - 845 = 515. List the prime factors of s.
2, 17
Suppose 182*r = 207*r - 126200. List the prime factors of r.
2, 631
Suppose -4*q + 5*z = -23, 0 = -4*q - 4*z - 1 + 33. Suppose 5*i = 3 + q. Suppose -3*r + r = i*j - 54, -3*j + r = -65. List the prime factors of j.
23
Let s(z) = 4*z**2 + z**2 - 4*z**2. Suppose -4*i + 8 + 8 = 2*a, -12 = -3*i + 2*a. List the prime factors of s(i).
2
Suppose 116 = 3*u - k, -2*u + 4*u = -2*k + 88. Let b = u - -13. List the prime factors of b.
53
Suppose -1340 = -4*u - 2*y + 388, 5*u + 3*y - 2159 = 0. List the prime factors of u.
433
Suppose -p + 108 = -123. List the prime factors of p.
3, 7, 11
Let q = 33 - 21. Let c(v) = v**3 - 11*v**2 - 18. List the prime factors of c(q).
2, 3, 7
Let a be (-6)/2*(24/(-3))/8. What are the prime factors of (-2444)/(-47) - 2/(a + -1)?
3, 17
Let q = 1128 - -400. List the prime factors of q.
2, 191
Let y = 24 - 11. Let s(f) = -f**3 + 12*f**2 + 20*f - 17. Let k be s(y). Suppose -4*j + 2 = -k. List the prime factors of j.
19
Suppose x = -0*x - 5*d + 244, 0 = -4*x - 2*d + 958. Suppose -4*t + 5*j = -421, 5*t - x = -3*j + 241. What are the prime factors of t?
3, 11
Suppose 5*c - 366 = -v + 5*v, -5*v + 260 = 4*c. Suppose -3*q + 164 = q. Let k = c - q. What are the prime factors of k?
29
Let f(v) = -v**2 + 3*v + 6. Let a be f(3). List the prime factors of -4*a/(-4) + 3.
3
Suppose 104 = 5*z - 4*z - b, -2*z + 193 = 3*b. Suppose -199 = -3*f + z. What are the prime factors of f/36 - (-4)/18?
3
Suppose 0 = -4*o + 14 + 6. Let f be ((-2)/o)/((-1)/55). Let s = f + -16. List the prime factors of s.
2, 3
What are the prime factors of (-18965*(-33)/55)/3?
3793
Suppose 3*j + q - 401 = 0, -5*j + 270 + 375 = -3*q. Suppose -t + 3*a + 73 = -59, -t + a = -j. What are the prime factors of t?
2, 3, 11
Let d(k) = -k**3 - 7*k**2 - 8*k - 4. Let m be d(-6). Let b(y) = -y + 22. List the prime factors of b(m).
2, 7
Let q(k) = -4*k - 10. Let n(r) = -r**2 - 2*r - 4. Let g = -13 - -10. Let c be n(g). List the prime factors of q(c).
2, 3
Let l = -30 + 38. Suppose -9 = 5*x - l*x. Let d = 33 + x. What are the prime factors of d?
2, 3
Let b(v) = -v**2 + 6*v + 3. Let h be b(5). Let m(k) = -k**2 + 7*k + 4. Let c be m(h). What are the prime factors of -2*-58*(-1)/c?
29
Let w = -1203 + 1809. What are the prime factors of w?
2, 3, 101
Let l be (2 + -1)/(2/6). Let m(w) = 3*w + 0 - 3 - l. What are the prime factors of m(9)?
3, 7
Let p be (-4 - 24/(-9))*(-6)/4. List the prime factors of ((-3)/9)/(p + (-1235)/615).
41
Let q be 12*(0 + (-753)/(-9)). Suppose 2*w = -4, -330 = 4*o - 5*w - q. List the prime factors of o.
2, 83
Let a(u) be the first derivative of 2 - 7*u + 1/3*u**3 + u**2. What are the prime factors of a(-7)?
2, 7
Let k be (6/(-9))/(3/(-54)). List the prime factors of -2 + 68 + k/(-4).
3, 7
Let k be (-41 - -1)/(0 + -1). Let c be (-6)/(-24)*-77 - (-3)/12. Let m = k + c. What are the prime factors of m?
3, 7
Let r(w) = w**2 + 2*w - 18. Suppose -3*v + c = 34, 5*v - c + 5*c + 51 = 0. What are the prime factors 